00220 + 11?
11012111201001
In base 4, what is 122130222 - -1?
122130223
In base 16, what is 2854 + -1?
2853
In base 2, what is -111011000111 + 1000010?
-111010000101
In base 8, what is 1267 + -66?
1201
In base 13, what is 3 + -350a?
-3507
In base 11, what is -20 + 195?
175
In base 11, what is 438885 + 1?
438886
In base 8, what is 3404 + -102?
3302
In base 16, what is 0 - -8f717?
8f717
In base 13, what is -12040 + 5?
-12038
In base 3, what is 1 - -10200101?
10200102
In base 14, what is -36954 + -3?
-36957
In base 4, what is -1003133210 - -12?
-1003133132
In base 9, what is 210075 + -1?
210074
In base 5, what is -4232131 - 21?
-4232202
In base 6, what is 2313020 - -41?
2313101
In base 7, what is 22640 - 41?
22566
In base 6, what is -450001 - -3?
-445554
In base 15, what is 2 - -128dea?
128dec
In base 6, what is -2430424 - 13?
-2430441
In base 16, what is -580a + -1d?
-5827
In base 7, what is -220 + -1330?
-1550
In base 9, what is 3 - 1071163?
-1071160
In base 8, what is 15576 - 32?
15544
In base 4, what is -3 + 3330233012?
3330233003
In base 9, what is 4578 + 1656?
6345
In base 15, what is -18d7d - 5?
-18d83
In base 4, what is -311 - 0?
-311
In base 13, what is 282239 - 5?
282234
In base 12, what is -43b3b + -1?
-43b40
In base 3, what is 21002 - 201110?
-110101
In base 15, what is -569d - -4?
-5699
In base 8, what is 5 + -2010000?
-2007773
In base 13, what is -18 + 14870?
14855
In base 7, what is -2316 - -44?
-2242
In base 5, what is 101041 + -33?
101003
In base 12, what is -9 - -27834?
27827
In base 3, what is 10021 + -21010?
-10212
In base 12, what is -245 - 1b8a?
-2213
In base 2, what is 1011011 + -1011010100000?
-1011001000101
In base 5, what is 20432400 + 23?
20432423
In base 4, what is 12202 - 10213?
1323
In base 13, what is 4 - 5a256?
-5a252
In base 6, what is 151400 - 134?
151222
In base 4, what is 1212 + 303?
2121
In base 8, what is -160 - 166?
-346
In base 3, what is -1021 + -1221000102?
-1221001200
In base 16, what is -1 + -272e0?
-272e1
In base 8, what is -506 + 117?
-367
In base 7, what is 240 + 2342?
2612
In base 7, what is 6 + 6631535?
6631544
In base 14, what is -7 - 1d0?
-1d7
In base 6, what is 1 - 10545530?
-10545525
In base 16, what is 4 + 27b?
27f
In base 13, what is 4 + 737c?
7383
In base 3, what is 110000221022 - 101?
110000220221
In base 8, what is -6237 + -70?
-6327
In base 13, what is 8905 - -14?
8919
In base 4, what is 221112332 - -2?
221113000
In base 4, what is -300030033 - -1?
-300030032
In base 10, what is 374407 + 0?
374407
In base 16, what is 2278 + 7?
227f
In base 8, what is 625577 + 0?
625577
In base 12, what is -40a + 9?
-401
In base 10, what is 13158 + -100?
13058
In base 4, what is 30321 + -2?
30313
In base 13, what is b2c2b - 8?
b2c23
In base 8, what is -1531 - 135?
-1666
In base 14, what is -1cb + -dd?
-2ca
In base 6, what is -4 - -2544032?
2544024
In base 7, what is 5 - 23065?
-23060
In base 5, what is -4224 - -33?
-4141
In base 8, what is 4 + -17551?
-17545
In base 11, what is -944a - 4?
-9453
In base 7, what is 2 - -24466?
24501
In base 11, what is 42118 + -1?
42117
In base 9, what is 7684 - -1228?
10023
In base 3, what is 1 + 1121220012?
1121220020
In base 2, what is -110 + -1001001000100?
-1001001001010
In base 14, what is 1ca1 - -2a?
1ccb
In base 13, what is 6 + -29648?
-29642
In base 8, what is -5 - -12646?
12641
In base 10, what is -1 + 173191?
173190
In base 3, what is 12201121221 - -11?
12201122002
In base 16, what is -1f7 - c2e?
-e25
In base 3, what is -10 + -2020221?
-2021001
In base 16, what is -1 + 15638?
15637
In base 6, what is 105 + -131?
-22
In base 3, what is -2010111200 + -120?
-2010112020
In base 6, what is 444052 - 153?
443455
In base 15, what is -412dd - 3?
-412e1
In base 6, what is -12100 - 14?
-12114
In base 13, what is 7232 - -6?
7238
In base 3, what is 1101000000 + -10?
1100222220
In base 2, what is 111100100 - -10000011?
1001100111
In base 4, what is -113023 - 13?
-113102
In base 3, what is 112 - -1112100122?
1112101011
In base 9, what is -17523 - 4?
-17527
In base 3, what is -10 - 102120?
-102200
In base 4, what is 210012112 - 3?
210012103
In base 4, what is 2331110 + 10?
2331120
In base 6, what is 5 - 45223?
-45214
In base 10, what is -4 + 41816?
41812
In base 13, what is 5 - 674b6?
-674b1
In base 16, what is a90 + -1?
a8f
In base 12, what is 177b8 + 4?
17800
In base 12, what is -5 + 23378a?
233785
In base 6, what is -5 + 43024?
43015
In base 2, what is 1010100011001101 - -100?
1010100011010001
In base 7, what is -204 + 4316?
4112
In base 15, what is -ae4 + -8?
-aec
In base 2, what is -10 + 110101100011110?
110101100011100
In base 12, what is 15 - 460?
-447
In base 3, what is 100120020 + 1112?
100121202
In base 5, what is -3 - -11044424?
11044421
In base 11, what is -280509 + a?
-2804aa
In base 2, what is -100011111 - 100110101101?
-101011001100
In base 5, what is -1332 + -200301?
-202133
In base 10, what is 214 - -4772?
4986
In base 8, what is 43126 + -46?
43060
In base 8, what is 345305 + 1?
345306
In base 10, what is -18319 + 68?
-18251
In base 14, what is -5 + -2010a?
-20111
In base 3, what is -200002 + -11?
-200020
In base 12, what is 106b2b - -3?
106b32
In base 10, what is -208 - 8?
-216
In base 16, what is -4 + ad78?
ad74
In base 11, what is 118 + 231?
349
In base 9, what is 10171 + 74?
10255
In base 3, what is 112 - -2221110?
2221222
In base 16, what is 237 - 8?
22f
In base 14, what is -1c925 + 1?
-1c924
In base 2, what is 10101011101110 - 100?
10101011101010
In base 12, what is -4 - 1335?
-1339
In base 12, what is -25a5807 + 1?
-25a5806
In base 8, what is -42 + -3074?
-3136
In base 11, what is -25687 + -46?
-25722
In base 5, what is -24100 - 324?
-24424
In base 15, what is -2267d - 1?
-2267e
In base 6, what is -2 + -204431?
-204433
In base 5, what is 30 + 1441020?
1441100
In base 14, what is -128 + -315?
-43d
In base 13, what is 6a - 2213?
-2176
In base 15, what is -4 - -36a6?
36a2
In base 12, what is -241037 + 5?
-241032
In base 9, what is -105821 - 4?
-105825
In base 12, what is -13a6 + 533?
-a73
In base 4, what is -22 - 30331120?
-30331202
In base 8, what is 52 + 743?
1015
In base 14, what is -14dcd + 6?
-14dc7
In base 16, what is -1a7 - -324?
17d
In base 12, what is -187 - -82?
-105
In base 10, what is 1373 + 6?
1379
In base 9, what is 362000 + -5?
361884
In base 15, what is -2277e + a?
-22774
In base 14, what is -15a - 12?
-16c
In base 14, what is -dac - a9?
-1077
In base 4, what is 2231 - 30311?
-22020
In base 14, what is -5 - 239d?
-23a4
In base 14, what is 2 - 123cc?
-123ca
In base 12, what is -4092 - 4?
-4096
In base 15, what is a62 - -8a?
aec
In base 5, what is 204200213 + 2?
204200220
In base 10, what is -78401 + -7?
-78408
In base 7, what is -6463 - 23?
-6516
In base 4, what is 23 + 300012213?
300012302
In base 10, what is -3 + -32728?
-32731
In base 9, what is 5 - 6467?
-6462
In base 6, what is -5 - -120443?
120434
In base 5, what is -21233 + -100?
-21333
In base 2, what is 11111000100111 + 1000101?
11111001101100
In base 10, what is -2398 - -265?
-2133
In base 4, what is 10 + -2333223323?
-2333223313
In base 5, what is 1204 - 302?
402
In base 11, what is 1a + -435?
-416
In base 8, what is -12 + 2152?
2140
In base 8, what is -2206177 + 3?
-2206174
In base 5, what is 1113002 - -4?
1113011
In base 3, what is -200101 + 201?
-122200
In base 2, what is 1111 + -1110?
1
In base 11, what is 1789a - 23?
17877
In base 12, what is -18 + -377b?
-3797
In base 2, what is -101011001101 - 0?
-101011001101
In base 15, what is 2aa30 - -5?
2aa35
In base 11, what is 50686 + -1?
50685
In base 16, what is -1954a + 3?
-19547
In base 9, what is 183 - -2671?
2864
In base 2, what is -10 + 1100011110011001100?
1100011110011001010
In base 2, what is 10100010011100 - 101?
10100010010111
In base 12, what is 1 + 2667a?
2667b
In base 16, what is -15022a - 4?
-15022e
In base 4, what is -32 - -2033203?
2033111
In base 16, what is -9b2e + 4?
-9b2a
In base 2, what is 110001011 - -111110?
111001001
In base 14, what is -2 + -1611?
-1613
In base 2, what is -10 - -10111010010011?
10111010010001
In base 14, what is -24503 - 1?
-24504
In base 10, what is 5 + -78723?
-78718
In base 5, what is 131 - 2414042?
-2413411
In base 7, what is -244412 + 26?
-244353
In base 13, what is 24117 + -3?
24114